 a factor of 535?
False
Is 29 a factor of 13519?
False
Does 46 divide 1104?
True
Is 525 a multiple of 25?
True
Is 23 a factor of 590?
False
Is 220 a multiple of 5?
True
Does 3 divide 88?
False
Is 94 a factor of 14758?
True
Is 9092 a multiple of 57?
False
Is 1342 a multiple of 11?
True
Is 5 a factor of 14241?
False
Is 763 a multiple of 59?
False
Does 3 divide 843?
True
Is 9521 a multiple of 18?
False
Is 22801 a multiple of 4?
False
Is 672 a multiple of 14?
True
Is 440 a multiple of 11?
True
Is 5689 a multiple of 8?
False
Is 11734 a multiple of 63?
False
Does 124 divide 20088?
True
Does 98 divide 17847?
False
Does 10 divide 10578?
False
Is 247 a multiple of 5?
False
Is 14097 a multiple of 48?
False
Is 437 a multiple of 19?
True
Is 23904 a multiple of 166?
True
Is 7 a factor of 91?
True
Is 704 a multiple of 22?
True
Is 16 a factor of 3067?
False
Is 1083 a multiple of 5?
False
Is 25514 a multiple of 22?
False
Is 66 a factor of 287?
False
Is 9 a factor of 2160?
True
Is 13508 a multiple of 9?
False
Is 8 a factor of 1024?
True
Is 229 a multiple of 4?
False
Is 11578 a multiple of 141?
False
Is 29 a factor of 14500?
True
Is 57 a factor of 25544?
False
Is 2 a factor of 583?
False
Is 2253 a multiple of 2?
False
Is 38 a factor of 9500?
True
Is 12107 a multiple of 11?
False
Is 42 a factor of 5368?
False
Is 25 a factor of 625?
True
Is 4 a factor of 47?
False
Is 3063 a multiple of 9?
False
Is 1841 a multiple of 40?
False
Is 38 a factor of 12122?
True
Is 12733 a multiple of 119?
True
Does 47 divide 29704?
True
Is 1288 even?
True
Does 66 divide 3053?
False
Does 22 divide 638?
True
Does 12 divide 408?
True
Does 57 divide 969?
True
Is 6 a factor of 3768?
True
Is 2 a factor of 652?
True
Does 25 divide 42050?
True
Is 34464 a multiple of 8?
True
Is 33 a factor of 424?
False
Is 25213 a multiple of 54?
False
Is 54 a factor of 594?
True
Is 5 a factor of 14083?
False
Does 19 divide 1191?
False
Is 22 a factor of 275?
False
Does 4 divide 1043?
False
Does 13 divide 431?
False
Is 35 a factor of 4585?
True
Is 871 a multiple of 3?
False
Does 174 divide 38802?
True
Is 675 a multiple of 27?
True
Is 9769 a multiple of 13?
False
Does 85 divide 999?
False
Does 41 divide 19720?
False
Is 1717 a multiple of 6?
False
Is 13869 a multiple of 17?
False
Is 12 a factor of 34786?
False
Is 148 a factor of 14418?
False
Is 18 a factor of 5724?
True
Is 17 a factor of 4488?
True
Does 91 divide 8372?
True
Is 35 a factor of 89090?
False
Is 3335 a multiple of 29?
True
Is 315 a factor of 22373?
False
Is 24 a factor of 780?
False
Is 465 a multiple of 155?
True
Is 166 a multiple of 3?
False
Is 31 a factor of 1726?
False
Does 90 divide 3060?
True
Does 55 divide 2353?
False
Is 297 a multiple of 11?
True
Does 3 divide 17?
False
Is 1404 a multiple of 117?
True
Is 7 a factor of 35?
True
Is 27 a factor of 49383?
True
Does 3 divide 938?
False
Does 34 divide 1866?
False
Is 858 a multiple of 22?
True
Is 73 a factor of 21973?
True
Is 11 a factor of 264?
True
Is 121 a factor of 508?
False
Does 15 divide 29295?
True
Does 104 divide 22880?
True
Is 861 a multiple of 7?
True
Does 16 divide 528?
True
Does 63 divide 819?
True
Does 13 divide 221?
True
Is 15400 a multiple of 175?
True
Is 3553 a multiple of 89?
False
Is 22093 a multiple of 20?
False
Does 40 divide 1165?
False
Is 369 a multiple of 50?
False
Does 18 divide 1206?
True
Is 89 a factor of 1869?
True
Is 96 a factor of 149088?
True
Does 47 divide 54804?
False
Is 3 a factor of 140?
False
Is 31460 a multiple of 5?
True
Is 51 a factor of 5967?
True
Is 5498 a multiple of 11?
False
Is 108 a factor of 21600?
True
Is 57 a multiple of 42?
False
Is 9 a factor of 6158?
False
Is 38 a factor of 1444?
True
Is 34160 a multiple of 20?
True
Does 98 divide 2254?
True
Is 7 a factor of 1197?
True
Is 9602 a multiple of 28?
False
Is 60 a factor of 9427?
False
Is 1251 a multiple of 2?
False
Is 29 a factor of 406?
True
Is 4926 a multiple of 6?
True
Is 333 a factor of 55944?
True
Is 2660 a multiple of 14?
True
Is 8 a factor of 1748?
False
Is 23 a factor of 1019?
False
Does 9 divide 9?
True
Does 27 divide 136?
False
Is 840 a multiple of 15?
True
Does 31 divide 48665?
False
Does 5 divide 772?
False
Is 14694 a multiple of 92?
False
Does 22 divide 35186?
False
Is 66 a factor of 1177?
False
Is 3932 a multiple of 78?
False
Is 48 a factor of 3168?
True
Is 8 a factor of 680?
True
Is 9 a factor of 207?
True
Does 9 divide 301?
False
Does 54 divide 3564?
True
Is 63 a factor of 65268?
True
Is 18 a factor of 52928?
False
Is 5738 a multiple of 19?
True
Is 69895 a multiple of 11?
False
Is 42 a factor of 6981?
False
Is 4944 a multiple of 19?
False
Does 4 divide 660?
True
Is 135 a multiple of 15?
True
Is 19 a factor of 4204?
False
Is 8 a factor of 176?
True
Is 6478 a multiple of 16?
False
Does 29 divide 3623?
False
Is 18 a factor of 810?
True
Is 6731 a multiple of 17?
False
Is 13568 a multiple of 11?
False
Is 14 a factor of 11522?
True
Is 5694 a multiple of 11?
False
Is 355 a multiple of 24?
False
Is 94549 a multiple of 13?
True
Is 2 a factor of 554?
True
Does 16 divide 516?
False
Does 13 divide 2431?
True
Is 6 a factor of 156?
True
Does 15 divide 14737?
False
Is 5 a factor of 230?
True
Is 602 a multiple of 22?
False
Does 3 divide 1402?
False
Does 26 divide 2043?
False
Is 107 a factor of 687?
False
Is 748 a multiple of 11?
True
Does 29 divide 78464?
False
Is 84 a factor of 3024?
True
Is 50 a factor of 858?
False
Is 9 a factor of 1434?
False
Does 44 divide 1398?
False
Does 29 divide 389?
False
Is 6 a factor of 312?
True
Is 1050 a multiple of 42?
True
Does 29 divide 1972?
True
Is 19494 a multiple of 54?
True
Is 3173 a multiple of 19?
True
Is 14 a factor of 88550?
True
Is 28 a factor of 9124?
False
Is 3110 a multiple of 5?
True
Is 6174 a multiple of 9?
True
Is 18 a factor of 1584?
True
Is 74 a multiple of 25?
False
Does 111 divide 2220?
True
Is 29 a factor of 147?
False
Is 56 a factor of 25551?
False
Is 7 a factor of 1871?
False
Is 62528 a multiple of 32?
True
Is 48 a factor of 1296?
True
Is 722 a multiple of 38?
True
Is 57171 a multiple of 51?
True
Is 53 a factor of 618?
False
Is 26 a factor of 5350?
False
Is 25 a factor of 50?
True
Is 27 a factor of 566?
False
Is 3575 a multiple of 55?
True
Is 164025 a multiple of 9?
True
Is 4272 a multiple of 6?
True
Is 1440 a multiple of 40?
True
Is 13048 a multiple of 28?
True
Is 823 a multiple of 5?
False
Is 28826 a multiple of 29?
True
Does 170 divide 8286?
False
Does 40 divide 5920?
True
Is 568 a multiple of 39?
False
Does 25 divide 650?
True
Does 4 divide 22?
False
Is 90 a factor of 3724?
False
Is 11 a multiple of 11?
True
Does 8 divide 678?
False
Is 467 a multiple of 3?
False
Is 73760 a multiple of 461?
True
Is 3102 a multiple of 33?
True
Is 1430 a multiple of 5?
True
Is 154 a multiple of 4?
False
Does 5 divide 195?
True
Is 15 a factor of 456?
False
Does 7 divide 7949?
False
Does 27 divide 551?
False
Is 1034 a multiple of 24?
False
Does 24 divide 1309?
False
Does 3 divide 243?
True
Is 934 a multiple of 20?
False
Is 17774 a multiple of 89?
False
Is 1097 a multiple of 89?
False
Does 37 divide 228?
False
Is 177 a multiple of 5?
False
Is 13 a factor of 33969?
True
Is 632 a multiple of 10?
False
Does 7 divide 728?
True
Does 12 divide 372?
True
Is 76 a factor of 29331?
False
Is 10443 a multiple of 19?
False
Does 6 divide 5005?
False
Is 37727 a multiple of 117?
False
Is 14868 a multiple of 28?
True
Is 63 a factor of 2961?
True
Is 4 a factor of 224?
True
Is 55 a factor of 7095?
True
Does 128 divide 11879?
False
Is 819 a multiple of 13?
True
Is 4706 a multiple of 26?
True
Is 56626 a multiple of 147?
False
Does 54 divide 816?
False
Is 1045 a multiple of 55?
True
Is 4 a factor of 208?
True
Is 11 a factor of 1507?
True
Is 25 a factor of 2935?
False
Is 8288 a multiple of 8?
True
Does 23 divide 30945?
False
Is 31805 a multiple of 32?
False
Does 12 divide 99?
False
Is 1449 a multiple of 23?
True
Is 3096 a multiple of 55?
False
Does 14 divide 79523?
False
Does 12 divide 18359?
False
Is 13 a factor of 897?
True
Does 20 divide 660?
True
Does 13 divide 750?
False
Is 887 a multiple of 79?
False
Is 263 a multiple of 13?
False
Does 77 divide 924?
True
Is 10619 a multiple of 41?
True
Is 502 a multiple of 24?
False
Is 1147 a multiple of 31?
True
Is 14520 a multiple of 165?
True
I